{"id":3118,"date":"2015-07-15T01:48:14","date_gmt":"2015-07-15T01:48:14","guid":{"rendered":"http:\/\/sw-themes.com\/porto_dummy\/?page_id=3118"},"modified":"2016-01-20T12:27:16","modified_gmt":"2016-01-20T11:27:16","slug":"historie","status":"publish","type":"page","link":"https:\/\/www.vandijkholland.nl\/de\/wie-zijn-wij\/historie\/","title":{"rendered":"Firmengeschichte"},"content":{"rendered":"<p>[vc_row wrap_container=&#8221;yes&#8221;][vc_column][vc_custom_heading text=&#8221;Firmengeschichte van Dijk Holland&#8221; use_theme_fonts=&#8221;yes&#8221; el_class=&#8221;shorter&#8221;][vc_column_text]Einige wichtige Daten aus unserer Firmengeschichte:[\/vc_column_text][vc_separator color=&#8221;custom&#8221; gap=&#8221;tall&#8221; gradient=&#8221;yes&#8221;][\/vc_column][\/vc_row][vc_row wrap_container=&#8221;yes&#8221;][vc_column]<div class=\"porto-history wpb_content_element \"><div class=\"thumb\"><img loading=\"lazy\" decoding=\"async\" class=\"\" src=\"https:\/\/www.vandijkholland.nl\/wp-content\/uploads\/2016\/01\/arrow-right.png\" width=\"145\" height=\"145\" alt=\"arrow-right\" title=\"arrow-right\" \/><\/div><div class=\"featured-box\"><div class=\"box-content\"><h4 class=\"heading-primary\"><strong>2008<\/strong><\/h4><p>Im Jahr <strong>2008 <\/strong>fand ein weiterer Umzug von Riethoven nach Valkenswaard statt und hat sich das Unternehmen durch den Verkauf von sogenannter \u201eFlachw\u00e4sche\u201c seitdem ausschlie\u00dflich auf den Entwurf, die Herstellung und den Vertrieb von <strong>Textilien, die in Operationss\u00e4len medizinischer Einrichtungen und deren Umgebung ben\u00f6tigt werden<\/strong>, spezialisiert und optimiert.<\/p>\n<\/div><\/div><\/div><div class=\"porto-history wpb_content_element \"><div class=\"thumb\"><img loading=\"lazy\" decoding=\"async\" class=\"\" src=\"https:\/\/www.vandijkholland.nl\/wp-content\/uploads\/2016\/01\/arrow-right.png\" width=\"145\" height=\"145\" alt=\"arrow-right\" title=\"arrow-right\" \/><\/div><div class=\"featured-box\"><div class=\"box-content\"><h4 class=\"heading-primary\"><strong>2002<\/strong><\/h4><p>Im Jahr <strong>2002<\/strong> zogen die B\u00fcros von Waalre nach Riethoven um.<\/p>\n<\/div><\/div><\/div><div class=\"porto-history wpb_content_element \"><div class=\"thumb\"><img loading=\"lazy\" decoding=\"async\" class=\"\" src=\"https:\/\/www.vandijkholland.nl\/wp-content\/uploads\/2016\/01\/arrow-right.png\" width=\"145\" height=\"145\" alt=\"arrow-right\" title=\"arrow-right\" \/><\/div><div class=\"featured-box\"><div class=\"box-content\"><h4 class=\"heading-primary\"><strong>2000<\/strong><\/h4><p>Im Jahr <strong>2000<\/strong> fand Van Dijk mittels eines Management-Buyout durch die Familie Uitermark den Weg zur\u00fcck in die Selbst\u00e4ndigkeit, ab sofort unter dem Namen Van Dijk B.V.<\/p>\n<\/div><\/div><\/div><div class=\"porto-history wpb_content_element \"><div class=\"thumb\"><img loading=\"lazy\" decoding=\"async\" class=\"\" src=\"https:\/\/www.vandijkholland.nl\/wp-content\/uploads\/2016\/01\/arrow-right.png\" width=\"145\" height=\"145\" alt=\"arrow-right\" title=\"arrow-right\" \/><\/div><div class=\"featured-box\"><div class=\"box-content\"><h4 class=\"heading-primary\"><strong>1984<\/strong><\/h4><p><strong>1984<\/strong> wurde Van Dijk zum Tochterunternehmen der Gamma Holding.<\/p>\n<\/div><\/div><\/div><div class=\"porto-history wpb_content_element \"><div class=\"thumb\"><img loading=\"lazy\" decoding=\"async\" class=\"\" src=\"https:\/\/www.vandijkholland.nl\/wp-content\/uploads\/2016\/01\/arrow-right.png\" width=\"145\" height=\"145\" alt=\"arrow-right\" title=\"arrow-right\" \/><\/div><div class=\"featured-box\"><div class=\"box-content\"><h4 class=\"heading-primary\"><strong>1975<\/strong><\/h4><p>Im Jahr <strong>1975<\/strong> war Van Dijk unmittelbar an der Gr\u00fcndung von Rentex Nederland beteiligt, das sp\u00e4ter auch B\u00fcros in verschiedenen europ\u00e4ischen L\u00e4ndern unterhielt.<\/p>\n<\/div><\/div><\/div><div class=\"porto-history wpb_content_element \"><div class=\"thumb\"><img loading=\"lazy\" decoding=\"async\" class=\"\" src=\"https:\/\/www.vandijkholland.nl\/wp-content\/uploads\/2016\/01\/arrow-right.png\" width=\"145\" height=\"145\" alt=\"arrow-right\" title=\"arrow-right\" \/><\/div><div class=\"featured-box\"><div class=\"box-content\"><h4 class=\"heading-primary\"><strong>1946<\/strong><\/h4><p>Im Jahr <strong>1946<\/strong> begann die Eroberung neuer Marktsegmente, wie das Gesundheitswesen, Schifffahrtsgesellschaften, Hotel- und Gastst\u00e4ttengewerbe und Industrie.<\/p>\n<\/div><\/div><\/div><div class=\"porto-history wpb_content_element \"><div class=\"thumb\"><img loading=\"lazy\" decoding=\"async\" class=\"\" src=\"https:\/\/www.vandijkholland.nl\/wp-content\/uploads\/2016\/01\/arrow-right.png\" width=\"145\" height=\"145\" alt=\"arrow-right\" title=\"arrow-right\" \/><\/div><div class=\"featured-box\"><div class=\"box-content\"><h4 class=\"heading-primary\"><strong>1848<\/strong><\/h4><p>Unser Unternehmen wurde im Jahr <strong>1848<\/strong> gegr\u00fcndet.<\/p>\n<p>Damals lieferte man unter anderem Textilien an Haushalte unter dem Markennamen WALRA.<\/p>\n<\/div><\/div><\/div>[\/vc_column][\/vc_row]<\/p>","protected":false},"excerpt":{"rendered":"<p>[vc_row wrap_container=&#8221;yes&#8221;][vc_column][vc_custom_heading text=&#8221;Firmengeschichte van Dijk Holland&#8221; use_theme_fonts=&#8221;yes&#8221; el_class=&#8221;shorter&#8221;][vc_column_text]Einige wichtige Daten aus unserer Firmengeschichte:[\/vc_column_text][vc_separator color=&#8221;custom&#8221; gap=&#8221;tall&#8221; gradient=&#8221;yes&#8221;][\/vc_column][\/vc_row][vc_row wrap_container=&#8221;yes&#8221;][vc_column][\/vc_column][\/vc_row]<\/p>\n","protected":false},"author":1,"featured_media":0,"parent":162,"menu_order":0,"comment_status":"open","ping_status":"open","template":"","meta":{"footnotes":""},"class_list":["post-3118","page","type-page","status-publish","hentry"],"_links":{"self":[{"href":"https:\/\/www.vandijkholland.nl\/de\/wp-json\/wp\/v2\/pages\/3118","targetHints":{"allow":["GET"]}}],"collection":[{"href":"https:\/\/www.vandijkholland.nl\/de\/wp-json\/wp\/v2\/pages"}],"about":[{"href":"https:\/\/www.vandijkholland.nl\/de\/wp-json\/wp\/v2\/types\/page"}],"author":[{"embeddable":true,"href":"https:\/\/www.vandijkholland.nl\/de\/wp-json\/wp\/v2\/users\/1"}],"replies":[{"embeddable":true,"href":"https:\/\/www.vandijkholland.nl\/de\/wp-json\/wp\/v2\/comments?post=3118"}],"version-history":[{"count":18,"href":"https:\/\/www.vandijkholland.nl\/de\/wp-json\/wp\/v2\/pages\/3118\/revisions"}],"predecessor-version":[{"id":4220,"href":"https:\/\/www.vandijkholland.nl\/de\/wp-json\/wp\/v2\/pages\/3118\/revisions\/4220"}],"up":[{"embeddable":true,"href":"https:\/\/www.vandijkholland.nl\/de\/wp-json\/wp\/v2\/pages\/162"}],"wp:attachment":[{"href":"https:\/\/www.vandijkholland.nl\/de\/wp-json\/wp\/v2\/media?parent=3118"}],"curies":[{"name":"wp","href":"https:\/\/api.w.org\/{rel}","templated":true}]}}

<p>[vc_row wrap_container=&#8221;yes&#8221;][vc_column][vc_custom_heading text=&#8221;Firmengeschichte van Dijk Holland&#8221; use_theme_fonts=&#8221;yes&#8221; el_class=&#8221;shorter&#8221;][vc_column_text]Einige wichtige Daten aus unserer Firmengeschichte:[/vc_column_text][vc_separator color=&#8221;custom&#8221; gap=&#8221;tall&#8221; gradient=&#8221;yes&#8221;][/vc_column][/vc_row][vc_row wrap_container=&#8221;yes&#8221;][vc_column]<div class="porto-history wpb_content_element "><div class="thumb"><img loading="lazy" decoding="async" class="" src="https://www.vandijkholland.nl/wp-content/uploads/2016/01/arrow-right.png" width="145" height="145" alt="arrow-right" title="arrow-right" /></div><div class="featured-box"><div class="box-content"><h4 class="heading-primary"><strong>2008</strong></h4><p>Im Jahr <strong>2008 </strong>fand ein weiterer Umzug von Riethoven nach Valkenswaard statt und hat sich das Unternehmen durch den Verkauf von sogenannter „Flachwäsche“ seitdem ausschließlich auf den Entwurf, die Herstellung und den Vertrieb von <strong>Textilien, die in Operationssälen medizinischer Einrichtungen und deren Umgebung benötigt werden</strong>, spezialisiert und optimiert.</p>
</div></div></div><div class="porto-history wpb_content_element "><div class="thumb"><img loading="lazy" decoding="async" class="" src="https://www.vandijkholland.nl/wp-content/uploads/2016/01/arrow-right.png" width="145" height="145" alt="arrow-right" title="arrow-right" /></div><div class="featured-box"><div class="box-content"><h4 class="heading-primary"><strong>2002</strong></h4><p>Im Jahr <strong>2002</strong> zogen die Büros von Waalre nach Riethoven um.</p>
</div></div></div><div class="porto-history wpb_content_element "><div class="thumb"><img loading="lazy" decoding="async" class="" src="https://www.vandijkholland.nl/wp-content/uploads/2016/01/arrow-right.png" width="145" height="145" alt="arrow-right" title="arrow-right" /></div><div class="featured-box"><div class="box-content"><h4 class="heading-primary"><strong>2000</strong></h4><p>Im Jahr <strong>2000</strong> fand Van Dijk mittels eines Management-Buyout durch die Familie Uitermark den Weg zurück in die Selbständigkeit, ab sofort unter dem Namen Van Dijk B.V.</p>
</div></div></div><div class="porto-history wpb_content_element "><div class="thumb"><img loading="lazy" decoding="async" class="" src="https://www.vandijkholland.nl/wp-content/uploads/2016/01/arrow-right.png" width="145" height="145" alt="arrow-right" title="arrow-right" /></div><div class="featured-box"><div class="box-content"><h4 class="heading-primary"><strong>1984</strong></h4><p><strong>1984</strong> wurde Van Dijk zum Tochterunternehmen der Gamma Holding.</p>
</div></div></div><div class="porto-history wpb_content_element "><div class="thumb"><img loading="lazy" decoding="async" class="" src="https://www.vandijkholland.nl/wp-content/uploads/2016/01/arrow-right.png" width="145" height="145" alt="arrow-right" title="arrow-right" /></div><div class="featured-box"><div class="box-content"><h4 class="heading-primary"><strong>1975</strong></h4><p>Im Jahr <strong>1975</strong> war Van Dijk unmittelbar an der Gründung von Rentex Nederland beteiligt, das später auch Büros in verschiedenen europäischen Ländern unterhielt.</p>
</div></div></div><div class="porto-history wpb_content_element "><div class="thumb"><img loading="lazy" decoding="async" class="" src="https://www.vandijkholland.nl/wp-content/uploads/2016/01/arrow-right.png" width="145" height="145" alt="arrow-right" title="arrow-right" /></div><div class="featured-box"><div class="box-content"><h4 class="heading-primary"><strong>1946</strong></h4><p>Im Jahr <strong>1946</strong> begann die Eroberung neuer Marktsegmente, wie das Gesundheitswesen, Schifffahrtsgesellschaften, Hotel- und Gaststättengewerbe und Industrie.</p>
</div></div></div><div class="porto-history wpb_content_element "><div class="thumb"><img loading="lazy" decoding="async" class="" src="https://www.vandijkholland.nl/wp-content/uploads/2016/01/arrow-right.png" width="145" height="145" alt="arrow-right" title="arrow-right" /></div><div class="featured-box"><div class="box-content"><h4 class="heading-primary"><strong>1848</strong></h4><p>Unser Unternehmen wurde im Jahr <strong>1848</strong> gegründet.</p>
<p>Damals lieferte man unter anderem Textilien an Haushalte unter dem Markennamen WALRA.</p>
</div></div></div>[/vc_column][/vc_row]</p>
